(-7))*1.
823
What are the prime factors of 5 + (8 - -5 - 2)*13?
2, 37
List the prime factors of 0 - (4 + (0 - (-4 + 562))).
2, 277
Let a = 13 - -2794. List the prime factors of a.
7, 401
Suppose 54*t + 15 = 57*t. Suppose t + 12 = q. What are the prime factors of q?
17
Let z be (-3 - -1) + 85 + -3. Let r = 123 - z. What are the prime factors of r?
43
Let g(b) = -4*b**2 - 18*b + 5. Let d(v) = -7*v**2 - 35*v + 9. Let p(s) = -3*d(s) + 5*g(s). Let x be p(-13). Let i = 18 - x. What are the prime factors of i?
2, 23
List the prime factors of 309 + 3*(0 + 1).
2, 3, 13
Let v = -1029 - -1686. List the prime factors of v.
3, 73
Suppose 290 = -3*m + 113. Let i = 51 - m. Suppose -5*u + 2*k = -2*k - i, -k = u - 22. List the prime factors of u.
2, 11
Let z = 439 - 155. What are the prime factors of z?
2, 71
Suppose -3*a + 0*a + 270 = 0. Suppose -7*z + 4*z = -a. Let f = 74 - z. What are the prime factors of f?
2, 11
Let g(l) = l**2 + 4*l + 4. Let a(h) = -h - 17. Let y be a(-13). Let u be g(y). Suppose -r - 60 = -u*p - 5*r, -p + 5*r + 21 = 0. List the prime factors of p.
2
Let q = 39 + -25. Suppose 0 = 3*i - q - 4. Let g = i - -11. What are the prime factors of g?
17
Let y(a) = 3*a**2 - 3*a - 3. Let u be y(-5). Suppose 4*d + 211 = 5*r, -5*r - 3*d - u = -305. List the prime factors of r.
43
List the prime factors of 1*-26*(-21 + -4).
2, 5, 13
Let v(x) = -x**2 - 8*x + 5. Let g be v(-7). Suppose 2*f = -0*f + 72. List the prime factors of g/(-3)*f/(-16).
3
Let n(a) = -a**3 + 10*a**2 + 14*a - 2. Suppose 0 = 4*k - g - 6 - 41, 27 = 3*k + 2*g. What are the prime factors of n(k)?
31
Let o = -217 - -500. Suppose -o = 11*d - 2021. What are the prime factors of d?
2, 79
Let c be (3/(-2))/(-7 + (-13)/(-2)). Suppose 3*u = 6*n - n - 14, 4*n + c*u = 22. What are the prime factors of n?
2
Suppose -4 = 2*w + 4. Let d be 1 + (6/3)/2. What are the prime factors of (w/d)/(7/(-28))?
2
Let x = -2229 + 5456. What are the prime factors of x?
7, 461
Let b(y) = 2*y**2 + 5*y**2 - 6*y**2. Let g be b(-6). Let i = -24 + g. List the prime factors of i.
2, 3
Let f = 9 + -8. Let k be f + 19 + 7/(-7). Let w = 31 - k. What are the prime factors of w?
2, 3
Let u be 3/((-9)/(-6)) - (-2 - 2532). List the prime factors of u/40 - (-2)/(-5).
3, 7
Suppose -f = f, -2*f = 3*g. Suppose g*o + 70 = 5*o. Suppose 31 = w - o. List the prime factors of w.
3, 5
Let h = 202 + -124. What are the prime factors of h?
2, 3, 13
Suppose 8*o - 1185 = 7*o - 3*i, -5*o - 3*i + 5925 = 0. What are the prime factors of o?
3, 5, 79
Suppose 0*d - d + 5 = 0. Let v = 51 + 129. Suppose -2*s + d*o = -5*s + v, 0 = s - 4*o - 60. List the prime factors of s.
2, 3, 5
Suppose -11 = -2*d - 17. Let z(s) = -18*s - 2. List the prime factors of z(d).
2, 13
List the prime factors of ((-795)/165 - 2/11) + 772.
13, 59
Let u = 509 - 769. What are the prime factors of ((-7)/(-4))/(1035/u + 4)?
7, 13
Suppose 4*q = -0*q - 4, 1138 = 4*p - 2*q. Suppose 9*t = 13 + p. List the prime factors of t.
3, 11
Let c = -24 - 12. Let a be c/4 + 3/1. List the prime factors of (-8)/12*207/a.
23
Let f be ((-2)/(-2))/(3/(-9)). Let c be (4*11)/(f/(-3)). Suppose 0 = 5*z - 3*z - c. What are the prime factors of z?
2, 11
List the prime factors of 0 + (-4 - (-2600)/1) - -3.
23, 113
Let w = -26 - -134. Suppose 0 = 5*m - 5*k - 480, m - 6*k + k = w. List the prime factors of m.
3, 31
Let x(w) = -3*w**3 + 54*w**2 + 3*w + 34. What are the prime factors of x(18)?
2, 11
Let b = 2050 + -1042. List the prime factors of b.
2, 3, 7
Suppose -3*j + 22*s + 3573 = 17*s, -j + 1183 = s. List the prime factors of j.
2, 593
Suppose 3*w - 2*w = 2*u + 152, 0 = 3*w + 5*u - 401. Let x = w + -61. List the prime factors of x.
3
Suppose 0 = 5*x + 5*v - 630, 0*v + 376 = 3*x + v. Suppose 0*z - 5*z = x. Let o = z - -45. List the prime factors of o.
2, 5
Suppose 8*z + 2*z - 18960 = 0. What are the prime factors of (-4)/(-6) + z/18?
2, 53
Let i = 13 + 423. List the prime factors of i.
2, 109
Suppose 7576 + 1741 = 7*m. List the prime factors of m.
11
Let s(b) = -73*b**2 - 5*b - 4. Let d be s(-1). Let o = d + 107. What are the prime factors of o?
5, 7
Suppose 161*d - 103*d - 157238 = 0. What are the prime factors of d?
2711
Suppose -k = -4*k + u + 6, 5*k - 20 = 5*u. Let t be (-12)/6 + (k - 22). What are the prime factors of 1/(-3)*t*3?
23
Let o(x) = 57*x**2 - 8*x + 16. List the prime factors of o(-6).
2, 23
Suppose 0 = 4*h - 3*g - 0*g + 15, -4*g = -2*h - 20. Suppose -51 = -2*o - a, -4*o + 2*a + 114 = -h*o. What are the prime factors of o?
3
Let c be 2/5 - (-218)/5. Let f = 87 - c. What are the prime factors of f?
43
Suppose -59*a - 704 = -63*a. List the prime factors of a.
2, 11
Let v(u) = -3*u + 9. Let b be v(3). Suppose -4*h - 2*d = -3*h - 340, b = 2*h - d - 665. List the prime factors of h.
2, 167
Let i(q) = -15*q**3 - 5*q**2 - 4*q - 3. List the prime factors of i(-3).
3, 41
Let d = -349 + 929. What are the prime factors of d?
2, 5, 29
Let z = 4 + -2. Let a(y) = -3*y**2 - 3*y - 3. Let g(b) = b**2 + 1. Let h(p) = a(p) + 5*g(p). What are the prime factors of h(z)?
2
Suppose 6*d + 475 - 15715 = 0. What are the prime factors of d?
2, 5, 127
Let y be (-4)/(-6) + (-2176)/51. Let s = 33 + y. Let l = s - -20. List the prime factors of l.
11
Let n be 2/4 + ((-15)/6 - -4). Suppose n*q + 15 = 183. What are the prime factors of q?
2, 3, 7
Let t = -2 - -125. What are the prime factors of t?
3, 41
Let s = 364 + 1. Suppose -7*g + 12*g - s = 0. Suppose -7 + g = 3*z. What are the prime factors of z?
2, 11
List the prime factors of 8*(1370/40 - (-3)/12).
2, 3, 23
Let o(y) be the third derivative of y**4/24 + 79*y**3/6 + 9*y**2. List the prime factors of o(-24).
5, 11
Suppose 95 - 31 = 4*m. Let v(y) = 4 - 15*y**2 + y + 2*y + m*y**2. What are the prime factors of v(-3)?
2
Let z(c) = -9*c - 6. Suppose -13*p = p + 196. List the prime factors of z(p).
2, 3, 5
Let m = -1 - -8. Suppose 17 + m = -4*k. List the prime factors of k*((-45)/6)/3.
3, 5
Suppose 3*o = 24*k - 21*k - 828, 0 = o - 4. List the prime factors of k.
2, 5, 7
Let l(y) = 7*y**2 + 371*y + 33. List the prime factors of l(-56).
3, 13, 31
Suppose 4*n - 3*n - 6 = 0. Let t(d) = 2*d + 3*d - 17 + n. List the prime factors of t(7).
2, 3
Let d be (-5 + (-1 - -4))/2. Let y(w) = -92*w**3 + w**2 + 2*w. List the prime factors of y(d).
7, 13
Let r(l) = -11*l**3 - 6*l**2 + 26*l + 177. What are the prime factors of r(-6)?
3, 727
Suppose 24*b - 26*b = -p + 951, -p + 941 = 3*b. What are the prime factors of p?
947
Let j(z) be the third derivative of z**5/15 + 5*z**4/6 + 10*z**3/3 + 45*z**2. What are the prime factors of j(-8)?
2, 29
Let r be 1*4 - 9/9. Suppose r*j = 5*j - 3*t - 14, t = -j + 2. List the prime factors of j.
2
Let q = 2238 + -331. List the prime factors of q.
1907
Let l(u) = -11*u - 1. Let v(f) = -f + 8. Let m be v(9). Let o be l(m). Suppose -2 - o = -3*w. What are the prime factors of w?
2
Suppose -5*q - 219 = -4*g, -6*q - 243 = -q + 2*g. Let a = 86 + q. List the prime factors of a.
3, 13
Suppose -b - 4*t = -669, -t + 1 + 3 = 0. List the prime factors of b.
653
Let z(s) = -26 + 5 + 7 + 14*s. What are the prime factors of z(7)?
2, 3, 7
Suppose -d - 5*f + 131 = -374, 0 = 5*f + 15. List the prime factors of d.
2, 5, 13
Suppose 4*p - n - 404 = 0, 4*p = 5*p - 4*n - 86. Suppose 5*j = 4*c + 472, j = 4*c + 2 + p. List the prime factors of j.
2, 23
Let i be (-782)/(-15) - 2/15. Suppose 2*m + 5*k - 22 = i, -2*m + 94 = -5*k. List the prime factors of m.
2, 3, 7
Let u = -33 - -44. Suppose u*z = 8*z + 222. List the prime factors of z.
2, 37
Let q = -158 + 487. Suppose -q = -3*j + 202. List the prime factors of j.
3, 59
Let c(l) = -7*l**2 + 8*l - 13. Let n(o) = -20*o**2 + 25*o - 39. Let u(z) = -17*c(z) + 6*n(z). List the prime factors of u(7).
2, 3
Let s be 2*(3 - 7 - -3) - 128. Let f = -68 - s. List the prime factors of f.
2, 31
Let c = 16 - 7. Let u(d) = 10 + 2 + 8*d - c*d + 1. List the prime factors of u(6).
7
Suppose n - 2*t = 3*t + 219, 986 = 4*n + 2*t. Suppose 4*v - n = -0*v. List the prime factors of v.
61
Suppose 4*m = 2*y - 48, -5*y + 5*m + 30 = -4*y. Let a = y + -3. What are the prime factors of a?
17
Suppose 0 = 4*j + 4 + 128. Let a = j - -17. List the prime factors of (6/(-4))/(12/a).
2
List the prime factors of 1612 - -2 - ((-3)/(-3) - 0).
1613
Suppose 2*d = -